 and 546983.
97
What is the highest common factor of 92835 and 180?
45
What is the highest common factor of 17237 and 77?
11
Calculate the highest common factor of 116509 and 12847.
443
Calculate the greatest common divisor of 4344 and 1224.
24
What is the greatest common divisor of 2988 and 40104?
36
What is the greatest common factor of 420976 and 41168?
1328
What is the greatest common divisor of 336304 and 16?
16
What is the highest common divisor of 36099 and 7?
7
Calculate the greatest common divisor of 4120 and 20980.
20
Calculate the highest common divisor of 50141 and 40397.
203
What is the highest common divisor of 54475 and 75?
25
Calculate the greatest common factor of 48412 and 2660.
532
Calculate the highest common factor of 12 and 80628.
12
What is the highest common divisor of 798 and 184737?
399
What is the highest common divisor of 7440 and 37665?
465
What is the highest common divisor of 850527 and 6069?
867
Calculate the highest common factor of 136 and 62798.
34
What is the greatest common divisor of 27 and 611397?
9
Calculate the greatest common divisor of 41768 and 18614.
454
What is the highest common divisor of 144952 and 88?
8
What is the greatest common factor of 579 and 110396?
193
What is the greatest common factor of 2580 and 13932?
516
Calculate the highest common divisor of 3 and 54481.
1
Calculate the highest common divisor of 1872445 and 3620.
905
Calculate the greatest common divisor of 670758 and 66.
66
What is the highest common divisor of 11169 and 459?
153
What is the highest common factor of 153 and 1536783?
51
Calculate the highest common divisor of 156 and 135915.
39
Calculate the highest common factor of 26040 and 9176.
248
Calculate the highest common factor of 3196 and 135736.
188
What is the highest common divisor of 3640 and 25220?
260
Calculate the greatest common factor of 20 and 317030.
10
What is the greatest common divisor of 647230 and 1770?
590
What is the greatest common factor of 237752 and 5876?
452
What is the greatest common factor of 29043 and 14?
7
What is the highest common factor of 72 and 27336?
24
Calculate the highest common factor of 364 and 364910.
182
What is the greatest common divisor of 165168 and 279?
279
Calculate the highest common divisor of 828113 and 429.
143
What is the greatest common divisor of 12062 and 19723?
163
What is the greatest common divisor of 2935424 and 1207?
1207
What is the highest common divisor of 135 and 317682?
27
What is the greatest common factor of 7648 and 469396?
956
Calculate the greatest common divisor of 346813 and 235.
47
What is the highest common divisor of 1420 and 970?
10
Calculate the greatest common factor of 387 and 48249.
9
What is the greatest common factor of 45912 and 144?
24
Calculate the highest common factor of 814907 and 8847.
983
What is the greatest common factor of 17950 and 5710?
10
Calculate the greatest common factor of 537391 and 1004.
251
What is the highest common divisor of 728 and 17849?
13
What is the greatest common divisor of 1855 and 28090?
265
What is the greatest common factor of 320 and 1180?
20
Calculate the highest common divisor of 108 and 633396.
12
What is the greatest common divisor of 93960 and 108?
108
Calculate the highest common factor of 960 and 150.
30
Calculate the highest common divisor of 156507 and 13.
13
What is the highest common divisor of 287070 and 10?
10
Calculate the greatest common divisor of 790 and 11376.
158
What is the highest common divisor of 160 and 206060?
20
What is the highest common factor of 6141 and 18957?
267
Calculate the highest common factor of 27027 and 715.
143
Calculate the greatest common divisor of 14978155 and 185.
185
Calculate the highest common divisor of 199050 and 2850.
150
Calculate the highest common divisor of 100 and 47120.
20
What is the highest common divisor of 28148 and 8?
4
Calculate the greatest common factor of 636356 and 140.
28
What is the greatest common divisor of 14 and 15478?
2
What is the greatest common factor of 9 and 24697?
1
Calculate the greatest common factor of 10393 and 19.
19
Calculate the greatest common factor of 16677 and 144.
9
What is the greatest common divisor of 39 and 453349?
13
What is the greatest common divisor of 12 and 1316?
4
What is the greatest common factor of 8509 and 6223?
127
What is the highest common divisor of 80102 and 1936?
242
Calculate the highest common factor of 19 and 8938816.
19
What is the greatest common divisor of 6251 and 27307?
329
What is the greatest common factor of 67471 and 545?
109
What is the greatest common factor of 60500 and 17545?
605
What is the greatest common divisor of 2840 and 10780?
20
Calculate the highest common divisor of 1120 and 172060.
140
What is the highest common divisor of 20 and 233705?
5
What is the highest common factor of 192416 and 336?
112
Calculate the greatest common factor of 1674 and 1054.
62
Calculate the greatest common factor of 3456 and 258.
6
What is the greatest common divisor of 1870510 and 102?
34
Calculate the greatest common factor of 3576 and 258.
6
What is the highest common factor of 588451 and 353?
353
Calculate the greatest common factor of 1020 and 8755.
85
Calculate the highest common factor of 452466 and 532.
266
What is the greatest common factor of 106490 and 1150?
230
What is the greatest common factor of 139905 and 2745?
45
Calculate the greatest common factor of 76255 and 6795.
755
What is the highest common factor of 18 and 817065?
9
Calculate the greatest common divisor of 461924 and 476.
68
What is the highest common divisor of 121863 and 1617?
147
Calculate the highest common divisor of 6077 and 44250.
59
Calculate the highest common divisor of 2944197 and 9.
9
What is the highest common divisor of 435 and 55013?
29
What is the greatest common factor of 171 and 3667?
19
Calculate the greatest common divisor of 144478 and 106.
106
What is the greatest common factor of 25828 and 2024?
44
What is the highest common divisor of 4316 and 8762?
26
Calculate the highest common factor of 5687 and 32307.
121
What is the greatest common divisor of 22893 and 741?
39
What is the highest common factor of 2752 and 6464?
64
What is the greatest common divisor of 1353310 and 140?
70
What is the highest common factor of 747 and 70716?
249
What is the greatest common factor of 10304 and 240?
16
What is the highest common divisor of 167772 and 9348?
492
What is the highest common factor of 87681 and 55?
11
Calculate the highest common factor of 221339 and 3587.
211
What is the greatest common divisor of 15396 and 36?
12
What is the greatest common divisor of 7230 and 105?
15
What is the greatest common divisor of 179 and 23077217?
179
Calculate the greatest common divisor of 275 and 45001.
11
Calculate the highest common divisor of 240 and 11184.
48
Calculate the greatest common divisor of 77 and 114576.
77
What is the greatest common factor of 674730 and 102?
102
Calculate the greatest common factor of 19291 and 128876.
101
Calculate the highest common factor of 80 and 29120.
80
What is the greatest common factor of 31040 and 100?
20
What is the highest common divisor of 32 and 10405984?
32
What is the greatest common factor of 12 and 794404?
4
What is the greatest common divisor of 19 and 343?
1
Calculate the highest common factor of 45 and 217395.
45
Calculate the greatest common factor of 143526 and 171.
57
Calculate the greatest common divisor of 120698 and 58.
58
What is the highest common divisor of 99 and 45639?
99
What is the greatest common factor of 143 and 6747?
13
Calculate the highest common factor of 684 and 53637.
57
Calculate the highest common divisor of 872 and 132392.
8
What is the highest common factor of 2996 and 4633314?
1498
What is the highest common divisor of 230 and 10641525?
115
What is the highest common divisor of 9204 and 472?
236
Calculate the highest common divisor of 7 and 45997.
7
Calculate the greatest common divisor of 168 and 48664.
56
What is the highest common divisor of 44758 and 13846?
322
Calculate the greatest common divisor of 1377125 and 2300.
575
What is the highest common factor of 176939 and 322?
161
Calculate the highest common factor of 27 and 1707.
3
Calculate the highest common factor of 33